tors of y?
11
Let i = 0 + 12. Let q = -4 + i. What are the prime factors of 4/q - 26/(-4)?
7
Let j = 11 - -29. Suppose -6*l - j = -2*l. Let y(v) = v**2 + 10*v + 7. What are the prime factors of y(l)?
7
Let p(v) = 3*v**2 - 11*v + 5. Let u(f) = -f - 1. Let h be u(-8). Let d be p(h). Suppose -4*c + d = c. What are the prime factors of c?
3, 5
Let a = -5 - -5. Suppose a = -4*v + 31 + 1. What are the prime factors of v?
2
Let m = 15 + 1. Let j be (-2)/(2/7*1). Let i = m + j. List the prime factors of i.
3
Suppose -2*d = -4*d + 22. Let r = d - 6. Suppose 4*k = -3*o + 45, 0*o - 57 = -r*k - 3*o. List the prime factors of k.
2, 3
Let r = -30 + 70. Let x = -17 + r. What are the prime factors of x?
23
Suppose -6 = -z - 3. Let k be 4/10 - (-832)/20. Suppose -6 + k = z*t. List the prime factors of t.
2, 3
Suppose -6*y + 2*z = -2*y - 602, 3*y + 2*z = 441. List the prime factors of y.
149
Suppose -3*d + x = -19 + 1, -x = -3. Suppose -2*n - 160 = -d*n. What are the prime factors of n?
2
Let k = 108 + -73. What are the prime factors of k?
5, 7
Let l(d) = -2*d + 13. List the prime factors of l(-13).
3, 13
Let j be 183/(-4) - 6/(-8). Let n = -32 - j. What are the prime factors of n?
13
Let k be (7 - 3) + -7 - -6. Suppose -47 + 158 = k*s. What are the prime factors of s?
37
Let d(w) = w**2 + 3*w - 6. Suppose 5*x - 27 + 2 = 0. Let m be d(x). Suppose 5*h - 6 = m. List the prime factors of h.
2
Let p be (-6)/8 - 4/16. Let t(d) = d + 4. Let a be t(0). Let g = a - p. List the prime factors of g.
5
Let i(n) = -2*n**3 + 6*n**2 + 2*n + 3. Let m(f) = -f**3 + 5*f**2 + f + 3. Let q(t) = 2*i(t) - 3*m(t). What are the prime factors of q(-4)?
3
Let k(z) = -z + 12. What are the prime factors of k(-11)?
23
Suppose 2*a - 3*l - 33 = 0, -3*a + l + 0*l = -32. What are the prime factors of a?
3
Let u = 76 - 43. What are the prime factors of u?
3, 11
Suppose -3*i = -3*y - 21, 5*i = y + 18 + 13. What are the prime factors of 2/(i/69) + 3?
2, 13
Let g = -12 - -5. Let n(x) = x + 16. List the prime factors of n(g).
3
Let b = 1 - -22. List the prime factors of b.
23
Suppose 0*v = -2*v + 16. What are the prime factors of v?
2
Suppose -2*z + 47 = -f - 269, -2*z - 3*f = -300. Suppose -z = w + 3*w. Let y = -19 - w. What are the prime factors of y?
2, 5
Let f(h) = -h**3 - 11*h**2 + 16. Let t be f(-11). Let l = t + -4. List the prime factors of l.
2, 3
Suppose 3*a - a - 10 = 0. Suppose 4*j - a*q - 103 = 0, 3*j + 4*q - 80 = 5*q. Suppose 0 = 3*o + 5*z - j, 15 = 3*o + 2*z - 3. List the prime factors of o.
2
Suppose -4*v - 2 = -5*p + 2, 0 = 2*p + v - 12. Let m be ((-7)/(-2))/((-7)/(-14)). Suppose 3*l - p*l = -m. List the prime factors of l.
7
Let q(z) = 48*z - 12. What are the prime factors of q(4)?
2, 3, 5
Let y(g) = g**3 - 21*g**2 - 14*g + 23. What are the prime factors of y(22)?
199
Let y be ((-4)/(-10))/(4/400). Let k = -22 + y. What are the prime factors of k?
2, 3
Let f(n) be the third derivative of n**5/5 + n**3/6 + 2*n**2. Let x be f(-1). Suppose 0 = -4*g + 15 + x. List the prime factors of g.
7
Let n be (1 - (4 + -2))*-5. Suppose x = 3, 4*t - 5 - 18 = -n*x. Let c = 12 - t. What are the prime factors of c?
2, 5
Suppose -x + 2*r + 45 = 0, 0 = -4*r - 24 + 4. What are the prime factors of x?
5, 7
Let r be 80/24*12/5. Suppose 2*u = -4*f - r, 3*f - f = -8. What are the prime factors of u?
2
Let t(z) = -z**3 + 5*z**2 - 5*z. Let w be t(4). List the prime factors of (-1)/w - 153/(-12).
13
Let m(z) = z**3 + 7*z**2 + 4*z - 3. Let c = -8 - -2. Let b be m(c). Suppose b = -3*s + 36. List the prime factors of s.
3
Let r(u) = -u + 7. Let n be r(-4). Suppose 3*m + k = 2*m + 11, -n = -m + 2*k. List the prime factors of m.
11
Let l = 115 + -52. What are the prime factors of l?
3, 7
Let v(c) = -4*c - 7. What are the prime factors of v(-11)?
37
Let z = 265 - 62. List the prime factors of z.
7, 29
Suppose -2*q - 1 = 11. Let d = -3 - q. Suppose 4*f + d = 19. What are the prime factors of f?
2
Let d be (0 + 0)/(-2 + 1). Suppose 5*c + 112 = g + g, -5*g + 4*c + 263 = d. What are the prime factors of g?
3, 17
Let p(m) = -8*m + 16. What are the prime factors of p(-11)?
2, 13
Let k = 6 + 22. Suppose -3*a = a - k. List the prime factors of a.
7
Let i(s) = -8*s + 7. Let z be i(-5). Let h = -22 + z. What are the prime factors of h?
5
Suppose 0*u - 12 = -u. Let x be 3/u + 19/4. Suppose 4*h - x*o - 4 = 0, -3*h + 2*o = -2*o - 2. What are the prime factors of h?
2, 3
Suppose -24 = -5*o - 9. Let t = 6 - o. What are the prime factors of t?
3
Suppose 0*r = -2*r + 6. Suppose -r*s - 2 - 1 = 0. List the prime factors of (1 - -2) + s/(-1).
2
Suppose -68*t + 70*t = 52. What are the prime factors of t?
2, 13
Let s = 47 - 32. List the prime factors of s.
3, 5
Let y = 33 - -147. What are the prime factors of y?
2, 3, 5
Suppose -3*q + q = -14. Let v be (-36 + q)*(-1)/1. List the prime factors of (-2)/3 + v/3.
3
Let x = -1 - 1. Let h be ((-1)/3)/(x/6). List the prime factors of (-62)/(-8) - h/(-4).
2
Suppose -2*f = -5*f + 75. Suppose 6*h - h = f. List the prime factors of (0 + 1)/(1/h).
5
Suppose 4*g = 5*n + 3*g - 66, 0 = 5*n + 2*g - 63. List the prime factors of n.
13
Let b = -219 - -317. What are the prime factors of b?
2, 7
Let h be (-3)/(-9) + (-20)/6. Let l be 102/4*(-24)/(-9). List the prime factors of l/6 + (-2)/h.
2, 3
Suppose -c = -2*c + 2. Let b(f) = f**2 + 1. Let t be b(c). Suppose t*h + 2*m - 14 - 6 = 0, 4*h = -5*m + 33. List the prime factors of h.
2
Let o(v) = -v**3 + 5*v**2 - 3*v + 3. Let f be (6 + -5)/((-1)/(-2)). List the prime factors of o(f).
3
List the prime factors of 1 - 0 - (2 + -15).
2, 7
Let b = -12 + 139. List the prime factors of b.
127
Suppose 0 = -5*d + 5*o + 30, -2*o - 15 = -3*d - 0*d. Suppose -2*c + d = -13. List the prime factors of c.
2
Suppose 26 = 5*r + 1. Let m(z) = 2*z**2 - z**2 - r + 3. List the prime factors of m(2).
2
Let r(m) = -m**2 - 14*m - 13. Let f(w) = w - 1 - 3*w + 0*w + w. Let s(i) = -5*f(i) + r(i). List the prime factors of s(-7).
2, 3
Suppose -12 = -5*l + 2*l. Let y(r) = 4*r**2 - 6*r - 3. Let g(q) = -11*q**2 + 18*q + 9. Let h(m) = 3*g(m) + 8*y(m). List the prime factors of h(l).
11
Let a be -4 + (-2 - -70) + -1. Let k = -37 + a. List the prime factors of k.
2, 13
Let z(q) = -q**3 + 9*q**2 - 4*q + 6. Let f be z(7). Let s = f - 40. What are the prime factors of s?
2, 3
Suppose 4*g - 32 = -0*g. Suppose -c - 16 = -5*m, 0 = -c - 0*m + 3*m - g. List the prime factors of 12*(-2)/(-2 - c).
2
Suppose 59 = 3*j - 52. List the prime factors of j.
37
Let p(t) = 2*t**2 + t - 1. Let v(w) = -w**2 - w. Let j(c) = -3*p(c) - 7*v(c). What are the prime factors of j(-4)?
3
What are the prime factors of -20*-3*10/15?
2, 5
Let t(f) = -f**3 - f**2 + 3*f - 3. Let h be t(-3). Let j(b) = b - 7. Let l be j(h). List the prime factors of (l - -2)/((-2)/(-18)).
3
Suppose 5*u - 28 = u. Let p = -2 + u. Suppose 2*k = -3*h - 0*k + 2, p*k = -25. What are the prime factors of h?
2
Let m be 780/24 - 1/(-2). Suppose -6*t = -2*t - 64. Let b = m - t. List the prime factors of b.
17
Suppose -3*a = -w - 48, 21 = -4*a + 4*w + 77. List the prime factors of a.
17
List the prime factors of (-4)/1 - (-79 - -14).
61
Suppose o = 4*s + 5, -2*o - s + 14 = 4. Let v(t) = -1. Let w(y) = -y - 13. Let h(b) = o*v(b) - w(b). What are the prime factors of h(-4)?
2
Let f be ((-48)/14)/((-2)/14). Let c = 37 - f. What are the prime factors of c?
13
Let a = 8 + -8. List the prime factors of -5 + 28 + (2 - a).
5
Let s = 40 - 36. List the prime factors of s.
2
Let n be 13/(-3)*12/(-4). Suppose -3*u + 50 = -n. List the prime factors of u.
3, 7
Let i = -3 + 5. Suppose -14 = -a + i*u, 6 = a - u - 3. List the prime factors of a.
2
Let b be (-145)/(-4) - 6/24. Suppose -b - 48 = -2*j. Suppose 5*o + 7 = j. What are the prime factors of o?
7
Let b be 6/2 + (-6 - -3). Suppose 2*t = -b*t + 54. What are the prime factors of t?
3
Let g(w) be the first derivative of w**4/4 + w**3/3 + w**2/2 + 8*w - 3. List the prime factors of g(0).
2
Suppose -2*v + 16 + 14 = 4*j, 4*j - 23 = 5*v. Let g = 27 - j. What are the prime factors of g?
2, 5
What are the prime factors of (-8)/44 + 444/22?
2, 5
Suppose -t + 6 + 21 = 4*i, 0 = -5*t + 15. List the prime factors of (-1188)/(-52) + i/39.
23
Suppose -6*q = -1154 + 116. What are the prime factors of q?
173
Let a(j) = -j + j**2 -